u = -29559 - -29557. Let n(p) = -77*p - 158. Give n(u).
-4
Suppose 51*y + 40 = 56*y. Let f(k) = 1 - k**2 - 3 + 9*k - y + 7. Suppose 0 = -3*d + 15, -4*v + 57 = d + 4*d. What is f(v)?
5
Suppose 5*f - 4*f - 15 = 0. Let g be -1*1 + (f/3 - 5). Let d(r) = 2*r + 1. Let i(n) = n - 1. Let m(q) = g*d(q) + 3*i(q). Determine m(0).
-4
Let f(h) be the third derivative of h**5/60 - 5*h**4/12 - 2*h**3/3 + 4*h**2. Let s be ((-12)/36)/((7/(-27))/7). Calculate f(s).
-13
Let n(l) = -l**3 + 10*l**2 - 9*l - 24. Let q be 72/76*76/8. What is n(q)?
-24
Let t(i) be the first derivative of i**4/4 + 2*i**3/3 + i**2/2 + 5*i + 1216. Determine t(0).
5
Let w(d) be the first derivative of -2*d**2 - 3*d + 2411. Let v = 0 - 2. Give w(v).
5
Let p(l) = 14 + 15299*l - 30601*l + 15303*l. What is p(-11)?
3
Suppose -5*o + 5*q = -75, 5*q - 82 = -5*o + 3*q. Suppose 0 = 2*i - o + 6. Suppose 4*m = -i*p - 41, 0*p + 2 = -3*m + 2*p. Let s(t) = -3*t + 2. Determine s(m).
14
Suppose -34 = -4*v - 2*q, -44*q - 8 = -3*v - 43*q. Let r(p) = p**2 + 12*p + 21. Let d(b) = -b**2 - 8*b - 14. Let g(h) = -7*d(h) - 5*r(h). Calculate g(v).
23
Let l(q) be the second derivative of -q**2 + 5 - 2/3*q**3 - 10*q. Calculate l(-4).
14
Let s(d) = -11*d + 4. Let u(q) = 6*q - 2. Let c(n) = 2*s(n) + 5*u(n). Let z be 4/(-7)*(16 - 2 - 21). What is c(z)?
30
Let i = 5 - 3. Let y(q) be the third derivative of -q**5/20 + q**4/12 + q**3/3 + 8*q**2 + 14. Determine y(i).
-6
Let o(j) = -j**3 - j**2 + j - 7. Let z be 1 - 0/((-8)/(-4)). Let c(v) = 21*v. Let q be c(z). Let n be 6/(-4) + -2 + q/6. Determine o(n).
-7
Let h = -84 + 91. Let d be (h - 6 - -3)*(-1)/(-1). Suppose -2*s + 3*v = s - 18, 5*s + d*v - 21 = 0. Let z(l) = l**3 - 4*l**2 - 7*l + 3. What is z(s)?
-7
Let i(u) = u**2 - 6*u - 18. Suppose 0 = -8*k + 11*k - 27. Let y be i(k). Suppose -12*a = -15*a + y. Let n(h) = -3*h + 2. What is n(a)?
-7
Let p = 304 + -305. Let b(s) be the second derivative of -s**3/6 + s**2/2 - 2*s. Let k(a) = 5*a - 3. Let y(z) = p*k(z) - 4*b(z). Give y(-5).
4
Let h(b) = b**2 - 12*b - 1. Let r be ((-30)/8)/(-3)*5 - 26/104. Determine h(r).
-37
Suppose r + 8 = 2*s, -3*s = -5*r - 12 - 0. Let a(z) = -3*z - 4*z + r*z. Let i = 1 - 0. Determine a(i).
-7
Let o = -14 + 11. Let u(z) = 3 + z**2 + 0 + 22*z + 3*z**2 + z**3 - 19*z. Give u(o).
3
Let n(i) = -6*i**2. Let p(v) be the third derivative of -v**6/120 + v**5/60 + v**4/24 + v**3/2 + 53*v**2. Let b be p(2). Give n(b).
-6
Let u(y) = -2*y**2 + 4*y**2 - 3*y**2. Suppose 3*q - 15 = 0, 13*n - n + 2*q = 7*n. What is u(n)?
-4
Let i(f) = 32*f**2 + 4*f + 2. Suppose 19*x = 3*d + 15*x + 7, 6 = -4*d + 2*x. What is i(d)?
30
Let b(g) = 5*g + 1. Let t be 8/3 - (-6)/(-9). Let w be (12/(-18)*201)/(1*t). Let d = w + 66. Determine b(d).
-4
Let v(x) be the first derivative of -x**5/60 - x**4/24 + x**3/3 - 23*x**2 - 190. Let g(q) be the second derivative of v(q). What is g(-2)?
0
Let s(c) = 35*c**2 - 7*c - 19*c**2 - 14 + 0 - 5*c**2. What is s(-2)?
44
Let u(w) = 2*w - 2. Let q be (4/3)/((-6)/(-81)). Let g be (99/q - 2/4) + -4. Determine u(g).
0
Let w be 4/(-6)*(-92 - (4 + -3)). Suppose -w*q + 59*q = -9. Let n(z) = 14*z - q - 3 + 5 - 10*z. What is n(-1)?
-5
Let d(c) = c - 1. Let a = 27 + 9. Let u be (-54)/a - (0 + 21/(-6)). Give d(u).
1
Let s(q) be the second derivative of -q**5/20 + 5*q**4/12 + q**3/6 - 3*q**2/2 - 1578*q. What is s(3)?
18
Let t(x) = x**3 - 9*x**2 + x - 5. Suppose 2*z = -2*j + 26, -2*j = -5*z + 5 - 10. Let a be j/65 + (-230)/(-26). Calculate t(a).
4
Let x(r) be the third derivative of -r**6/60 + 2*r**5/15 - 7*r**3/6 - 53*r**2 + 10*r. Determine x(4).
-7
Let a(j) = -13*j**3 + 25*j**2 + 18*j - 14. Let n be (-35)/(-21)*(-13)/(65/(-6)). Let s(u) = 3*u**3 - 6*u**2 - 4*u + 3. Let f(i) = n*a(i) + 9*s(i). Give f(4).
-1
Let s = 18713 - 18715. Let k(v) = 3*v**2 + 1. Determine k(s).
13
Let o(x) be the second derivative of x**6/360 - x**5/120 + 13*x**4/12 + x**2/2 + 34*x. Let u(w) be the third derivative of o(w). Determine u(-4).
-9
Suppose n - 5*n = 24. Let o(u) be the second derivative of -u**4/12 - u**3/6 + 245*u. Let b(w) = 2*w**2 + w - 1. Let d(g) = n*o(g) - 2*b(g). Give d(-3).
8
Let r(m) = 13*m**2 - m. Let j be (3 - -1)*(37 + -39). Let p = 9 + j. Determine r(p).
12
Let o(l) be the first derivative of -l**5/10 - l**4/12 - l**3/2 - l**2/2 + 4*l + 84. Let t(k) be the first derivative of o(k). Give t(-2).
17
Suppose 65*u + 85 = 70*u. Let t(w) = w**2 + 14*w - u - 24 + 47. Determine t(-13).
-7
Suppose t = -p + 3*p, 0 = -5*p. Let z(j) = t*j - 23*j + 19*j. What is z(2)?
-8
Let s(q) be the third derivative of q**5/60 - q**4/8 + 7*q**3/6 - 5*q**2 + 33*q. What is s(-3)?
25
Let h(c) = 58 + c**2 - 2*c + 4*c**2 - 46 - 3*c**2. What is h(0)?
12
Suppose 3*l + 23 = -397. Let h = -132 - l. Let o(m) = -8*m - h*m - 6*m + 19*m - m**2 + 2. Calculate o(-3).
2
Let j = 2 + 3. Let t(n) = 431*n - 1 - 5 - 1300*n + 449*n + 418*n. Give t(j).
-16
Suppose -3*d = -8*d - 5. Let m(r) = 5*r**2 + 13. Let u(c) = c**2 - c + 6. Let v(s) = m(s) - 2*u(s). What is v(d)?
2
Let d(s) = -7*s**2 + 21*s. Let c(v) = -v**2 + v - 4. Let l(r) = 2*c(r) - d(r). Let k be l(4). Let j(z) = -z**3 - 5*z**2 - 4*z - 6. Calculate j(k).
-6
Let y(v) = -17*v - v**3 + 22*v + 5*v**3 - 5 - 3*v**2 + 2 - 2*v**3. Give y(1).
1
Let y(z) be the first derivative of z**4/4 - 4*z**3 + z**2/2 - 12*z + 2921. Let i be 23/2 + (-6)/(-12). Calculate y(i).
0
Let f(v) = 23*v + 13. Let p(s) = 19*s + 13. Let t(b) = 4*f(b) - 5*p(b). Suppose j = -3*o - 15, 0*o = -o + 2*j - 12. Determine t(o).
5
Let i(q) = 13*q**2 - 71*q + 99. Let s(h) = -35*h**2 + 202*h - 297. Let l(x) = -8*i(x) - 3*s(x). Give l(34).
-37
Let t = -84 - -91. Let i(b) = -t - 55*b**2 + 189*b**2 - 61*b**2 - b**3 - 64*b**2 - 3*b. What is i(9)?
-34
Let b be (2/3)/((-3)/((-1170)/(-20))). Let z(q) = -q**2 - 12*q + 18. What is z(b)?
5
Let x(z) = z. Suppose 3*p - 17 - 1 = 0. Let l(n) be the second derivative of -7*n**3/6 - n**2/2 + 8*n + 2. Let i(j) = p*x(j) + l(j). Determine i(-6).
5
Let o(a) = a**2 - 7. Let n = 1709 - 1709. Calculate o(n).
-7
Let n be 1/2*(-54)/2349*-29. Let t(o) be the first derivative of 11 + n*o**3 + 4*o**2 + 8*o. Determine t(-6).
-4
Let t(u) = 34*u**3 - 184*u**2 - 82*u + 190. Let x(w) = 24*w**3 - 123*w**2 - 54*w + 127. Let p(q) = 5*t(q) - 7*x(q). Determine p(30).
1
Let i(k) = k**3 - 6*k**2 + 5*k + 3. Let d be (8/10)/((-2764)/(-230) - 12). Let u be d/12 - (-13)/234*3. Give i(u).
-9
Let f(z) = 1475*z**3 - 12*z - 5 - 5*z**2 + 29*z + 1480*z**3 - 2956*z**3. Give f(2).
1
Let v(h) = h - 6*h**2 + h**3 + 2*h**3 - 5*h**3 + 3*h**3 + 3. Suppose 36*b + 23 - 266 = -45*b. Determine v(b).
-21
Let s(i) = 13*i. Let t(n) = -n**2 + 28*n + 2. Let x be t(19). Let k = x - 172. Give s(k).
13
Suppose -17*f + 176 = -15*f. Let q = -86 + f. Let g(v) = -2*v - 6*v**q + v + 11*v**2 + 2 - v**3 - 3. Give g(5).
-6
Let r(y) = -40 - 127*y - 60 + 26*y + 69*y. Determine r(-3).
-4
Let q(d) be the first derivative of -d**3/3 + 19*d**2 - 7*d - 8104. Determine q(37).
30
Let d(g) = -2*g. Let z(p) = -p**3 + 3*p**2 + 3*p + 5. Suppose 0 = -x - 5*c + 4, 4*c - 3*c = 5*x - 20. Let h be z(x). Let s = -2 + h. Give d(s).
2
Let b = -201 + 187. Let j(l) = 11*l**2 - 6*l - 7. Let x(g) = -3*g**2 + 2*g + 2. Let d(a) = b*x(a) - 4*j(a). What is d(-4)?
-16
Let i(t) = -6*t + 7. Suppose 7*q - 5152 = -1281. Let d = -549 + q. Determine i(d).
-17
Let k = 10 + -9. Let y = 67 - 65. Let r(l) = -4782*l**y + 4*l**3 + 4782*l**2. Give r(k).
4
Let y(c) = -8*c**2 - 13*c + 82. Let n(k) = 9*k**2 + 16*k - 83. Let v(a) = 6*n(a) + 7*y(a). Let s(p) be the first derivative of v(p). What is s(-4)?
21
Let m(d) = -11*d**2 - 4*d - 17. Let p(f) = -31*f**2 - 11*f - 47. Let j(c) = 17*m(c) - 6*p(c). Give j(-7).
-42
Suppose -2*c - f + 3 = -0*c, 2*f = 6. Suppose c = -3*g + 2 - 20. Let m(w) = 7*w - 2*w - 18 + 0*w**2 + w**2 + 15. Give m(g).
3
Let q(n) = n**2 + 13*n - 10. Let l be ((-162)/(-81))/(4/110). Suppose 0 = -3*d + 25 - l. Determine q(d).
-40
Let p(x) be the first derivative of x**5/20 - x**4/8 + x**3/3 + 75*x**2 + 29. Let j(w) be the second derivative of p(w). Determine j(3).
20
Suppose -327*p = 7 - 661. Let h(r) = -3*r**2 + 7*r - 6. Give h(p).
-4
Let y(q) = q**2 - 20*q + 8. Let p(r) = r**2 - 54. Let n be p(-8). Give y(n).
-92
Let d(w) = 98*w**2 - 2*w + 2. Let y(s) = -21*s - 146. Let i be y(-7). Give d(i).
98
Let